{"id":27,"date":"2017-05-30T00:14:44","date_gmt":"2017-05-30T00:14:44","guid":{"rendered":"https:\/\/callmaster.com.mx\/?page_id=27"},"modified":"2025-05-14T09:01:03","modified_gmt":"2025-05-14T15:01:03","slug":"servicios-2","status":"publish","type":"page","link":"https:\/\/callmaster.com.mx\/?page_id=27","title":{"rendered":"SERVICIOS"},"content":{"rendered":"<h2>Contact Customer Care<br \/>\n<b><img loading=\"lazy\" decoding=\"async\" class=\"size-medium wp-image-73 alignright\" src=\"https:\/\/callmaster.com.mx\/wp-content\/uploads\/2017\/05\/Imagen1-252x300.png\" alt=\"\" width=\"252\" height=\"300\" srcset=\"https:\/\/callmaster.com.mx\/wp-content\/uploads\/2017\/05\/Imagen1-252x300.png 252w, https:\/\/callmaster.com.mx\/wp-content\/uploads\/2017\/05\/Imagen1.png 737w\" sizes=\"auto, (max-width: 252px) 100vw, 252px\" \/><\/b><\/h2>\n<ul>\n<li class=\"O2\">Atencion a Cliente<\/li>\n<li class=\"O2\">Help desk<\/li>\n<li class=\"O2\">Soporte Multicanal<\/li>\n<li class=\"O2\">Backoffice<\/li>\n<li class=\"O2\">Telemarketing<\/li>\n<li class=\"O2\">Post-Venta<\/li>\n<li class=\"O2\">Ventas<\/li>\n<li class=\"O2\">Fidelizaci\u00f3n<\/li>\n<li class=\"O2\">Retenci\u00f3n<\/li>\n<li class=\"O2\">Cobranza<\/li>\n<li class=\"O2\">Welcome<\/li>\n<li class=\"O2\">Operaci\u00f3n Bilingue<\/li>\n<li class=\"O2\">Door-to-Door Sales \/ \u00abFace to Face\u00bb Sale<\/li>\n<\/ul>\n<h2><b>Soluciones digitales<\/b><\/h2>\n<ul>\n<li>Gesti\u00f3n de Interacciones Sociales (Engagement)<\/li>\n<li>An\u00e1lisis de BIG DATA<\/li>\n<li>Interacci\u00f3n Omnicanal<\/li>\n<li>Chat en l\u00ednea<\/li>\n<li>Atenci\u00f3n de correos corporativos<\/li>\n<li>SMS, WhatsApp, messenger<\/li>\n<\/ul>\n<h3><\/h3>\n<p>&nbsp;<\/p>\n","protected":false},"excerpt":{"rendered":"<p>Contact Customer Care Atencion a Cliente Help desk Soporte Multicanal Backoffice Telemarketing Post-Venta Ventas Fidelizaci\u00f3n Retenci\u00f3n Cobranza Welcome Operaci\u00f3n Bilingue Door-to-Door Sales \/ \u00abFace to Face\u00bb Sale Soluciones digitales Gesti\u00f3n de Interacciones Sociales (Engagement) An\u00e1lisis de BIG DATA Interacci\u00f3n Omnicanal Chat en l\u00ednea Atenci\u00f3n de correos corporativos SMS, WhatsApp, messenger &nbsp;<\/p>\n","protected":false},"author":1,"featured_media":0,"parent":0,"menu_order":0,"comment_status":"closed","ping_status":"closed","template":"","meta":{"footnotes":""},"class_list":["post-27","page","type-page","status-publish","hentry"],"_links":{"self":[{"href":"https:\/\/callmaster.com.mx\/index.php?rest_route=\/wp\/v2\/pages\/27","targetHints":{"allow":["GET"]}}],"collection":[{"href":"https:\/\/callmaster.com.mx\/index.php?rest_route=\/wp\/v2\/pages"}],"about":[{"href":"https:\/\/callmaster.com.mx\/index.php?rest_route=\/wp\/v2\/types\/page"}],"author":[{"embeddable":true,"href":"https:\/\/callmaster.com.mx\/index.php?rest_route=\/wp\/v2\/users\/1"}],"replies":[{"embeddable":true,"href":"https:\/\/callmaster.com.mx\/index.php?rest_route=%2Fwp%2Fv2%2Fcomments&post=27"}],"version-history":[{"count":5,"href":"https:\/\/callmaster.com.mx\/index.php?rest_route=\/wp\/v2\/pages\/27\/revisions"}],"predecessor-version":[{"id":190,"href":"https:\/\/callmaster.com.mx\/index.php?rest_route=\/wp\/v2\/pages\/27\/revisions\/190"}],"wp:attachment":[{"href":"https:\/\/callmaster.com.mx\/index.php?rest_route=%2Fwp%2Fv2%2Fmedia&parent=27"}],"curies":[{"name":"wp","href":"https:\/\/api.w.org\/{rel}","templated":true}]}}